{"id":304,"date":"2019-01-29T16:22:07","date_gmt":"2019-01-29T15:22:07","guid":{"rendered":"http:\/\/www.springfirm.it\/?page_id=304"},"modified":"2019-01-29T16:22:07","modified_gmt":"2019-01-29T15:22:07","slug":"trusted-cloud","status":"publish","type":"page","link":"https:\/\/www.springfirm.it\/?page_id=304","title":{"rendered":"Trusted Cloud"},"content":{"rendered":"<p><a href=\"https:\/\/www.springfirm.it\/wp-content\/uploads\/2019\/01\/Por-fesr.png\"><img loading=\"lazy\" class=\"aligncenter wp-image-300 size-full\" src=\"https:\/\/www.springfirm.it\/wp-content\/uploads\/2019\/01\/Por-fesr.png\" alt=\"\" width=\"926\" height=\"152\" srcset=\"https:\/\/www.springfirm.it\/wp-content\/uploads\/2019\/01\/Por-fesr.png 926w, https:\/\/www.springfirm.it\/wp-content\/uploads\/2019\/01\/Por-fesr-300x49.png 300w, https:\/\/www.springfirm.it\/wp-content\/uploads\/2019\/01\/Por-fesr-768x126.png 768w\" sizes=\"(max-width: 926px) 100vw, 926px\" \/><\/a><\/p>\n<h2 style=\"text-align: justify;\"><span style=\"font-size: 18pt;\"><strong>Progetto <em>Trusted Cloud<\/em><br \/>\n<\/strong><\/span><\/h2>\n<p>Il progetto denominato <em>Trusted Cloud<\/em> che Spring Firm\u00ae S.r.l., forte della sua consolidata presenza sul mercato e del radicamento sul territorio, intende realizzare, ha lo scopo di incentivare l&#8217;utilizzo di servizi in cloud da parte di aziende ed Enti del Friuli-Venezia Giulia.Gli ambiti nei quali si intende proporre il servizio includono sia le PMI del territorio che singoli professionisti o studi associati, cos\u00ec come aziende o Enti che intendano dotarsi, sia per scelta o per vincoli di legge, di una politica di Disaster Recovery e che ritengano pi\u00f9 vantaggioso fruire di un servizio anzich\u00e9 predisporre un&#8217;infrastruttura dedicata di propriet\u00e0.<br \/>\nIl servizio \u00e8 dedicato anche ad aziende o Enti interessati a incrementare il livello di salvaguardia dei propri dati aziendali.<br \/>\nL&#8217;idea prevede l&#8217;individuazione di un cloud provider che disponga di data center fisicamente localizzati entro 150\/200 Km dal Friuli-Venezia Giulia e l&#8217;utilizzo delle risorse elaborative e di memorizzazione dati in cloud, ereditando dal provider selezionato tutte le certificazioni relative alla qualit\u00e0 degli impianti e dei servizi erogati. Viene quindi predisposto un portale di accesso ai servizi, integrato con quello aziendale di Spring Firm\u00ae S.r.l., tramite il quale accedere a una vasta gamma di servizi in cloud tra i quali primariamente: <em>Infrastructure as a Service<\/em> (IaaS),<em> Disaster-Recovery as a Service<\/em> (DRaaS), backup e archiviazione dati.<br \/>\nDisponendo di risorse di elaborazione e memorizzazione dati all&#8217;interno di data center di ultima generazione, la Spring Firm\u00ae S.r.l. si propone a tutti gli effetti non solo come cloud provider, ma anche come trusted advisor per il cliente ovvero come societ\u00e0 di consulenza competente e qualificata in grado di supportare ed indirizzare l&#8217;azienda nell&#8217;ambito di importanti scelte tecniche quali:<\/p>\n<p>&#8211;\u00a0\u00a0\u00a0\u00a0disegno architetturale dei servizi in cloud, modalit\u00e0 di implementazione e migrazione dei servizi in cloud;<\/p>\n<p>&#8211;\u00a0\u00a0\u00a0\u00a0modalit\u00e0 di fruizione dei servizi;<\/p>\n<p>&#8211;\u00a0\u00a0\u00a0\u00a0aggiustamenti tecnologici ed organizzativi da apportare in azienda (on-premise) per fruire al meglio dei nuovi servizi;<\/p>\n<p>&#8211;\u00a0\u00a0\u00a0\u00a0integrazione ed ottimizzazione;<\/p>\n<p>&#8211;\u00a0\u00a0\u00a0\u00a0incremento del livello di disponibilit\u00e0 e continuit\u00e0 dei servizi (Business Continuity e Disaster-Recovery);<\/p>\n<p>&#8211;\u00a0\u00a0\u00a0\u00a0governo delle problematiche legate alla privacy nel nuovo contesto operativo;<\/p>\n<p>&#8211;\u00a0\u00a0\u00a0\u00a0governo delle problematiche legate alla persistenza, alla salvaguardia ed alla confidenzialit\u00e0 dei dati aziendali;<\/p>\n<p>&#8211;\u00a0\u00a0\u00a0\u00a0supporto tecnico\/sistemistico per la gestione dei servizi erogati dal cloud.<\/p>\n<p>I principali vantaggi competitivi offerti dalla soluzione messa a punto dalla Spring Firm\u00ae S.r.l. per i potenziali clienti, oltre all&#8217;adozione facilitata del cloud, comportano, dal punto di vista economico, la razionalizzazione e il contenimento degli investimenti e la massimizzazione del ritorno. Dal punto di vista tecnico, implementano la sicurezza, la salvaguardia e il controllo dei dati aziendali e favoriscono la flessibilit\u00e0 di utilizzo degli strumenti informatici aziendali.<br \/>\nIl progetto Trusted Cloud \u00e8 concettualmente green in quanto consente di concentrare (potenzialmente) all&#8217;interno di pochi data center le esigenze di un elevato numero di aziende e quindi ridurre complessivamente sia i consumi elettrici per l&#8217;alimentazione dei sistemi e il condizionamento dei locali sia i costi ambientali per l&#8217;allestimento di nuovi data center aziendali (suolo occupato, energia per la loro realizzazione, ecc.). Consente inoltre di ridurre l&#8217;impatto ambientale attraverso l&#8217;utilizzo di impianti (data center) che, per poter essere conformi ed ottenere la certificazione rispetto agli standard internazionali di riferimento, devono necessariamente adottare sistemi avanzati per il contenimento dei consumi e per garantire l&#8217;efficienza energetica che difficilmente potrebbero essere implementati dalle singole aziende e\/o dagli Enti interessati al servizio. Da rilevare che, per poter essere competitivi anche dal punto di vista commerciale, utilizzano tecnologie che consentono di ridurre il fabbisogno energetico per tutti i fruitori del servizio.<br \/>\nIl progetto Trusted Cloud consente di contenere l&#8217;impatto energetico legato all&#8217;ammodernamento ed alla gestione evolutiva dei data center aziendali attraverso il consolidamento delle infrastrutture informatiche di molte aziende all&#8217;interno di pochi data center facendo ampio utilizzo di tecnologie di virtualizzazione di server, storage, ecc. e quindi riducendo nel complesso i consumi elettrici per l&#8217;alimentazione dei sistemi e il condizionamento dei locali e i costi energetici per l&#8217;allestimento ed il mantenimento in esercizio di nuovi data center aziendali.<br \/>\nLa realizzazione del progetto Trusted Cloud potrebbe contribuire ad innovare l&#8217;organizzazione ed il processo produttivo e a rendere pi\u00f9 economica ed efficiente l&#8217;adozione di moderne tecnologie informatiche presso le aziende e gli Enti operanti nel Friuli-Venezia Giulia. In particolare, il progetto potrebbe consentire l&#8217;utilizzo da parte delle aziende del territorio di tecnologie pi\u00f9 moderne, efficienti e costantemente aggiornate, oltre al test e la validazione di nuovi strumenti software in tempi rapidi e contenendo in maniera consistente i costi di impianto e di gestione dell&#8217;infrastruttura pilota. Inoltre l&#8217;attivazione di infrastrutture di Disaster-Recovery pu\u00f2 avvenire senza dover pianificare gli investimenti nel tempo ma semplicemente acquisendo in affitto le risorse informatiche strettamente necessarie. Da non sottovalutare infine la creazione e lo sviluppo di competenze sempre pi\u00f9 evolute e solide nell&#8217;ambito di tecnologie e modalit\u00e0 di erogazione di servizi ITC assolutamente al passo con i tempi.<\/p>\n<p>Il tasso di cofinanziamento UE per il progetto \u00e8 del 25% su una spesa ammissibile di \u20ac 106.000<\/p>\n<p>&nbsp;<\/p>\n<p><a href=\"https:\/\/www.springfirm.it\/wp-content\/uploads\/2019\/01\/012819_1428_PorFesr5.png\"><img loading=\"lazy\" class=\"wp-image-284 size-full aligncenter\" src=\"https:\/\/www.springfirm.it\/wp-content\/uploads\/2019\/01\/012819_1428_PorFesr5.png\" alt=\"\" width=\"300\" height=\"22\" \/><\/a><\/p>\n<p>&nbsp;<\/p>\n","protected":false},"excerpt":{"rendered":"<p>Progetto Trusted Cloud Il progetto denominato Trusted Cloud che Spring Firm\u00ae S.r.l., forte della sua consolidata presenza sul mercato e del radicamento sul territorio, intende realizzare, ha lo scopo di incentivare l&#8217;utilizzo di servizi in cloud da parte di aziende ed Enti del Friuli-Venezia Giulia.Gli ambiti nei quali si intende proporre il servizio includono sia &#8230; <a title=\"Trusted Cloud\" class=\"read-more\" href=\"https:\/\/www.springfirm.it\/?page_id=304\" aria-label=\"More on Trusted Cloud\">Read more&#8230;<\/a><\/p>\n","protected":false},"author":1,"featured_media":0,"parent":0,"menu_order":0,"comment_status":"closed","ping_status":"closed","template":"","meta":{"generate_page_header":""},"_links":{"self":[{"href":"https:\/\/www.springfirm.it\/index.php?rest_route=\/wp\/v2\/pages\/304"}],"collection":[{"href":"https:\/\/www.springfirm.it\/index.php?rest_route=\/wp\/v2\/pages"}],"about":[{"href":"https:\/\/www.springfirm.it\/index.php?rest_route=\/wp\/v2\/types\/page"}],"author":[{"embeddable":true,"href":"https:\/\/www.springfirm.it\/index.php?rest_route=\/wp\/v2\/users\/1"}],"replies":[{"embeddable":true,"href":"https:\/\/www.springfirm.it\/index.php?rest_route=%2Fwp%2Fv2%2Fcomments&post=304"}],"version-history":[{"count":3,"href":"https:\/\/www.springfirm.it\/index.php?rest_route=\/wp\/v2\/pages\/304\/revisions"}],"predecessor-version":[{"id":307,"href":"https:\/\/www.springfirm.it\/index.php?rest_route=\/wp\/v2\/pages\/304\/revisions\/307"}],"wp:attachment":[{"href":"https:\/\/www.springfirm.it\/index.php?rest_route=%2Fwp%2Fv2%2Fmedia&parent=304"}],"curies":[{"name":"wp","href":"https:\/\/api.w.org\/{rel}","templated":true}]}}